w) = -5*w - 103. Let o be n(-23). What is the tens digit of o/(-4 + (-89)/(-22))?
6
Let n(s) = 9*s - s - 15*s - 17. Suppose o + 9 = 1. What is the units digit of n(o)?
9
Let f(z) = -z**3 + 2*z**2 + 2*z. Let t = 41 - 38. Let m be f(t). What is the tens digit of (3 - -36) + (-4 - m)?
3
What is the thousands digit of 5602/((-324)/(-270) + 1/(-5))?
5
Suppose 7*f + 672 = f. What is the tens digit of -4 - -3 - f*28/8?
9
Let q(l) = l**2 - l + 4. Let o be q(0). Let a be (-45)/(-15) + -1*-1*93. Suppose -o*z + 12*z - a = 0. What is the tens digit of z?
1
Suppose 5*c - 4*j - 9 = 0, 5*c - 2*j - 7 = 10. Let t(q) = q**3 + 13*q**2 + 4*q + 7. Let s be t(-5). Suppose 228 = c*m - s. What is the units digit of m?
3
Let n = 24722 + 6402. What is the tens digit of n?
2
What is the tens digit of (0 + -5498)*(-28 + 20)/16?
4
Let a(t) = 11*t - 74. Let h be a(7). Let q(y) = 49*y**2 - 8*y - 7. What is the units digit of q(h)?
0
Suppose 7*j = 4*j. Suppose 0 = -2*v - 0*v + 3*m + 138, j = m. Suppose k + 2*r = v, -4*k + r = 2*r - 241. What is the tens digit of k?
5
What is the hundreds digit of (-6)/(-15) - (-3337243)/155?
5
Let z(f) = f**3 - 3*f**2 - 3*f + 1209. Suppose -19*b + 7*b = 0. What is the units digit of z(b)?
9
What is the tens digit of 14 + (-50)/5 - -30962?
6
Let m(t) = 10*t**2 + t - 2. Let h be m(1). Suppose -6*l + h*l = 6. Suppose -170 = -2*i + 2*u, l*i - 3*u - 165 = -2*u. What is the units digit of i?
0
Let y(u) = -6*u - 11. Let h be y(-4). Suppose -3*f + 100 = 2*n, 2*n + 98 = 4*n + 4*f. Let k = h + n. What is the units digit of k?
6
What is the tens digit of 92/16*147940/65?
8
Let o(a) = 221*a**2 + a - 176. What is the ten thousands digit of o(7)?
1
Let w(i) = i**3 + 37*i**2 - 7*i + 286. What is the tens digit of w(-27)?
6
Let k be 1*522/24*(-8)/2. Let d = 102 + k. Suppose d*n - 4*n = 836. What is the tens digit of n?
7
Let v = 8550 - 6795. What is the units digit of v?
5
Let v(n) = 23*n - 25. Let w be v(1). Let g(j) = -167*j**3 + 2*j**2 - 6*j - 12. What is the thousands digit of g(w)?
1
Let i = -20250 + 20747. What is the tens digit of i?
9
Let v be (-4)/(-18) + 464480/(-360). Let d = -663 - v. What is the hundreds digit of d?
6
Let i(u) = -150 + 77 + 29*u + 76. Let c be i(1). Suppose j - 56 = c. What is the units digit of j?
8
Let s(i) = -i**3 + 5*i**2 - 3*i + 13. Let x be s(5). What is the hundreds digit of (x - 0) + 321 - (-6)/(-3)?
3
Let u be -1 + -1 + (-30)/(-5). Suppose -2830 = -u*k - m, 2*k - 715 = k - 4*m. What is the hundreds digit of k?
7
Suppose 0 = -21*u - 9*u + 80040. Let w = -1694 + u. What is the units digit of w?
4
Suppose 15640*j = 15651*j - 25256. What is the hundreds digit of j?
2
Let s = 9225 + -2375. What is the units digit of s?
0
Let y = -400 + 404. Suppose y*w - 11740 = -16*w. What is the tens digit of w?
8
Let t(q) = -q**3 + 5*q**2 - 6*q + 1. Let o(p) = 14*p - 81. Let w be o(6). What is the units digit of t(w)?
1
Suppose 9289 = -12*b + 96481. What is the tens digit of b?
6
Let i(w) be the third derivative of -w**5/60 + w**4 + 41*w**3/6 + 125*w**2. Let u be 1/((-2)/8)*-6. What is the tens digit of i(u)?
4
Let o = 4917 + -3446. Let k = 2541 - o. What is the units digit of k?
0
Let s(j) = -710*j + 2095. What is the hundreds digit of s(-11)?
9
What is the units digit of 3*4/36 - (-7 + 163632/(-18))?
8
Let z(b) = 20*b**3 + 11*b**2 - 99*b + 360. What is the thousands digit of z(9)?
4
Let m(i) = -i**3 - i + 1. Let p be m(1). Suppose -5*l = -3*j + 16, 10 = -8*l + 6*l. What is the tens digit of -5 - j - (-49 - p)?
4
Suppose 3*a + 5*n - 2 = 0, 0*a - 4*n - 8 = 4*a. Suppose -9*c = 39 + 15. What is the units digit of a/12 + ((-147)/c - -2)?
6
Suppose 90*j - 95*j - x = -66223, -40 = -5*x. What is the hundreds digit of j?
2
Let p be ((-6 - -5)*1)/(3/(-5472)). Suppose -114*c - p = -116*c. What is the hundreds digit of c?
9
Let q(s) = 36*s**2 - 159*s + 971. What is the tens digit of q(6)?
1
Let v(w) = -w**3 - 13*w + 45 + 26*w**2 - 13*w - 14. Let i be v(25). Suppose -351 = -i*z - 33. What is the units digit of z?
3
Let d be (-492)/(-72) + (-3 - (-38)/12). Suppose 2*x - 4338 = -d*x. What is the hundreds digit of x?
4
Let d(s) = 14*s**2 + 4*s - 15. Let p(o) = 6*o**2 + 2*o - 7. Let c(m) = -2*d(m) + 5*p(m). What is the units digit of c(-4)?
9
Suppose 5*k - 2*q = 48 + 26, -33 = -3*k + 5*q. Suppose -5*f + n + k = -16, 28 = 3*f - 5*n. What is the units digit of ((-2)/((-8)/f))/(6/368)?
2
Let c(z) = -5*z**2 + 17 - 3*z**2 + 3*z**2 - z**3 + 9*z. Suppose -523 = 132*p + 533. What is the tens digit of c(p)?
3
Suppose -439 = -g + 5*w, w - 391 = -g + 30. Let b = g - 325. What is the units digit of b?
9
Suppose 4*m + 4 = 0, -2*b + 10479 - 646 = -m. What is the hundreds digit of b?
9
Let r be 21/(-3) + (14 - -4). Suppose 0 = -o + 5*f + 361, -r*f + 1461 = 4*o - 14*f. What is the units digit of o?
6
Suppose 5*f = 5*r - 29755, 14*r - 17*r - 2*f + 17868 = 0. What is the units digit of r?
4
Suppose 16*b - 6*b = -1280. Let l = b - -236. Suppose 0 = -h - 2 + l. What is the units digit of h?
6
Let w be (-1 - 11)*(-14)/42. Let u = w + 1. Suppose 30 = -u*b + 10*b. What is the units digit of b?
6
Let c(y) be the third derivative of -y**6/120 + 19*y**5/60 - 17*y**4/24 + 13*y**3/3 + 29*y**2. Let h be c(18). Let f = 196 - h. What is the tens digit of f?
5
Let h = 4 + 37. Let m = h + -35. Suppose -m*f = -8*f + 8. What is the units digit of f?
4
Suppose 0 = -6*b + 3 - 3. Suppose b = -3*g + 6*g - 6. Suppose 0 = -5*z + 15, 5*z - 181 = -g*r + 30. What is the tens digit of r?
9
What is the thousands digit of 1910 - 76 - 17*-1?
1
Let u(x) = -16*x + 24. Let j be u(11). Let w = j - -498. What is the tens digit of w?
4
Suppose 0 = -n - 4*s - 27, 0*s - 179 = 5*n - 2*s. Let p = -31 - n. What is the units digit of ((-5)/p)/(10/(-520))?
5
Let n = -22065 + 32842. What is the hundreds digit of n?
7
Suppose 2*d - 2*l - 16076 = 0, 11*d = 10*d + 3*l + 8050. What is the thousands digit of d?
8
Suppose -4*g + 224908 = a, 4*g + 4*a - 111857 = 113063. What is the tens digit of g?
2
Suppose 4*x - 4 = -0*x. Suppose z = 6 + x. Suppose -z*a + 379 = -300. What is the units digit of a?
7
What is the tens digit of (-285)/38*(-14196)/5?
9
Let o(u) = -u**3 - u**2 + 5*u - 12. Let w be o(-4). Suppose 42*r - 44*r = -w. Let n = 18 - r. What is the units digit of n?
0
Let d(n) = -n**3 + 18*n**2 + 17*n + 12. Let j be d(19). Let z = j - -531. What is the tens digit of z?
0
Suppose 0 = 7*b - 246 + 64. Let s = 30 - b. Suppose 15 = -5*u - 5*l, l = s*u - 1 - 12. What is the units digit of u?
2
What is the hundreds digit of ((5 - -6707) + 4)/(2 - 0)?
3
Let w(f) = f**3 - 20*f**2 + 23*f + 28. Suppose 4*x - x = 5*b + 11, -3*b - 2*x + 1 = 0. Let n be (b/((-3)/(-6)))/(10/(-95)). What is the hundreds digit of w(n)?
1
Suppose 4*r + 0 = -16. Let s(f) = f + 4. Let z be s(r). Suppose 6*g - 6 - 96 = z. What is the tens digit of g?
1
Suppose -1 = 9*z - 10. Let d be z - (-1)/(3 - 4). Suppose -6*g + 14*g - 1504 = d. What is the hundreds digit of g?
1
Let b be -21 + 26 + -9*1. What is the tens digit of 1 - (b + 561/(-1))?
6
Let q(v) = -12431*v**3 + 3*v**2 + 12*v + 12. What is the units digit of q(-1)?
4
Suppose 24 = -4*k - 4*t, 0*t = 5*t - 5. Let c be -3 - k/((-21)/(-102)). Suppose -2*l + c + 13 = 0. What is the units digit of l?
2
Let p be -1*2 + -2 - (-45680)/(-40). What is the hundreds digit of p/(-8) + -4 - 2/8?
1
Suppose 488*p - 480*p - 71752 = 0. What is the thousands digit of p?
8
Let j(d) = 4*d + 2. Let q be j(-11). Let f = q - -38. What is the units digit of f/(-8)*(265 + 5)?
5
Let i = 57 - 47. Suppose -54 = u - i*u. Suppose 63 = -u*k + 567. What is the units digit of k?
4
Suppose -85 = 3*a - 8*a. Let t(s) = s**2 - 10*s + 39. What is the tens digit of t(a)?
5
What is the units digit of 19/((-171)/(-134973)) - -9?
6
What is the units digit of 14 - (-14715 + -16 - 0)?
5
Let a(j) = -j**3 - 7*j**2 - j + 30. Let o be a(-6). Suppose -182 = 2*x - 2*r - 2000, 3*x + 2*r - 2742 = o. What is the hundreds digit of x?
9
Let g = -45 + 21. Let x(z) be the second derivative of -z**3 - 33*z**2 + 2*z. What is the units digit of x(g)?
8
Suppose 0 = 5*y - 4*c + 1 + 24, -2*y = 5*c + 10. What is the hundreds digit of (-1)/((-5 + 4)/y) - -384?
3
Let y = 40 + -12. Let a = 11 + y. Let x = -29 + a. What is the tens digit of x?
1
Suppose 4*y + 5*a =